 2*t(f) + 10*z(f). Let y be j(-3). Let o(w) = 2*w + 0*w - 2 + 7. Give o(y).
-3
Let b(a) = -2 + 2 - 2*a - 31*a**2 + 80*a**2 - 45*a**2. Give b(1).
2
Let d(a) = a**2 - 6*a - 7. Let g be (-1155)/(-220) - (26/8 + -3). Calculate d(g).
-12
Let t(d) = 8*d + 4. Let l be t(-3). Let i be (-18*(-2)/l)/(3/(-10)). Let u(s) = -s**3 + 7*s**2 - 9*s + 1. What is u(i)?
-17
Let f(r) = 7*r**2 - 9*r - 5. Let v(q) = 4*q**2 - 5*q - 3. Let s(t) = 3*f(t) - 5*v(t). Determine s(4).
8
Let q(p) = -4*p**3 + 0 - 6*p**2 + 5*p**3 - 6. Let t = -301 + 307. Give q(t).
-6
Let t(x) = -2*x + 13. Let f(y) = -y + 6. Let m be -3 + 1/((-1)/(-10)). Let g(j) = m*f(j) - 3*t(j). Calculate g(-5).
8
Let m(h) = h - 3. Let f(t) = -3*t - 58. Let l be f(-19). Let g be (-4)/(-12)*(0 + l - -1). What is m(g)?
-3
Let g(m) = -9*m**2 - 12 + 23 + 5*m - 4*m - 12. What is g(1)?
-9
Let w(b) = -b**2 - 8*b - 11. Let l be w(-6). Let o(s) = -s - s**3 + 2*s**2 - s + 4 - 3. Give o(l).
0
Let s(j) = j - 9 + 3 - 1 + 6. Give s(6).
5
Let v(f) = 1 - 1 - f + 0. Let b be (72/(-30))/4*(-16 + 1). Suppose -2*m + 19 - b = 0. Give v(m).
-5
Let k(t) = -3*t + 18. Let l(s) = s - 6. Let g(u) = -2*k(u) - 7*l(u). Calculate g(8).
-2
Suppose 4*h + 5*b = 7, -b + 2*b - 27 = -4*h. Let w(x) be the second derivative of x**5/20 - 3*x**4/4 + 4*x**3/3 + x**2 - 31*x. Calculate w(h).
2
Let c(j) = 6*j**2 + 1. Let b(f) = 2*f. Suppose 0*l - l + 4 = 0. Let p be b(l). Let t = p + -7. What is c(t)?
7
Suppose -64*n + 37*n + 630 = 36*n. Let p(d) = -2*d - 14. Let v(h) = -3*h - 14. Let m(u) = 4*p(u) - 3*v(u). Give m(n).
-4
Let a(h) = -h**2 - 5*h + 3. Let j(b) = -2*b - 8. Let w be j(-2). What is a(w)?
7
Let q(v) be the third derivative of -1/8*v**4 + 0*v + 0 + 1/12*v**5 - 1/120*v**6 - v**2 - 1/2*v**3. Suppose -5 = -c - 1. Determine q(c).
1
Let l(g) = 2*g. Let m be 4*(46/8 - (3 + 2)). Determine l(m).
6
Let g = 94 + -87. Let c(j) = -j**3 + 6*j**2 + 10*j - 15. Calculate c(g).
6
Let p be ((-1)/(-1))/(3/9). Suppose -4 = 5*z - p*z. Let n(d) = -d**2 - 4*d - 2. What is n(z)?
2
Let h(g) = -9*g - 139. Let p be h(-17). Let a(u) = u + 1. Calculate a(p).
15
Let j = 294 + -297. Let w(o) be the first derivative of -o**5/60 + o**4/24 - o**3 - 3. Let l(y) be the third derivative of w(y). What is l(j)?
7
Let i(o) = o**3 - 7*o**2 + 8*o - 7. Let r(w) = -2*w - 16. Suppose 4*n - 23 = -7. Suppose -3*u + n*u + 11 = 0. Let t be r(u). Determine i(t).
5
Let b(w) be the first derivative of 0*w - 30 - 5/3*w**3 + 1/2*w**2. Calculate b(-1).
-6
Suppose 1 = 3*p - 8. Let y(d) = -d**2 - d - 6. Let k(q) = 2 - 1 - 6. Let s(i) = p*k(i) - 2*y(i). What is s(2)?
9
Suppose 10*v + 15 = 7*v. Let m be (-8)/(-5) + (-2)/v. Let y(s) = 2*s**3 + 3*s - 3. Calculate y(m).
19
Suppose -34 = 23*j - 11. Let g(t) = 27*t - 11. Let y(h) = -13*h + 5. Let f(d) = 6*g(d) + 13*y(d). Give f(j).
6
Let w(p) be the second derivative of p**4/12 - p**3/6 - p**2/2 - p + 36. Let j = 8 + -13. Let i = 8 + j. Give w(i).
5
Let w(m) = -m**2 - 17*m - 44. Let o be w(-3). Let f(d) = d + 6. Calculate f(o).
4
Let x(a) = 3 - 3*a**2 + 4*a**2 - 10*a - a**2 + a**2. Let n be x(10). Suppose n*i = -2 + 20. Let k(g) = -g**3 + 6*g**2 - 5. What is k(i)?
-5
Let s(r) be the first derivative of -r**4/4 - 6*r**3 - 17*r**2/2 + 4*r + 69. Determine s(-17).
4
Let i(n) = -n**3 + 15*n**2 - 14*n - 5. Let f = 343 - 329. Give i(f).
-5
Let i(s) = 5*s - 17. Let v = -1398 + 1402. Give i(v).
3
Let h(g) = -5*g**3 - 7*g**2 + 7*g + 8. Let c(t) = -2*t**3 + t**2 - t - 1. Let y(l) = -3*c(l) + h(l). Give y(9).
20
Let y(z) = z**3 + 2*z**2 - 6. Let j(h) = -2*h**3 - 5*h**2 - 2*h + 7. Let c(l) = -2*j(l) - 3*y(l). Give c(-4).
-12
Let r(f) = 53*f**2 - f - 8. Let o(g) = -21*g**2 + g + 4. Let m(s) = -5*o(s) - 2*r(s). Give m(-4).
-8
Let b(f) be the third derivative of -5*f**4/12 + 5*f**3/6 - 726*f**2. Give b(2).
-15
Let x(r) = r**2 - r - 10. Let n(z) = -1. Let w(o) = -6*n(o) + x(o). Suppose 2*i = -11*c + 15, 0 = -4*c + 5*i - 94 + 151. Calculate w(c).
2
Let d(s) be the second derivative of 2*s**3/3 + 3*s**2/2 - 5*s. Give d(-2).
-5
Suppose 0 = 2*f - 5 - 5. Let u(n) = -2*n + 4. Determine u(f).
-6
Let w be -12 - -3 - (38 + -41). Let d(v) = v**3 + 7*v**2 + 6*v - 10. Determine d(w).
-10
Let y(x) be the second derivative of -x**4/12 - 2*x**3/3 + 5*x**2/2 + 14*x - 3. Calculate y(-6).
-7
Suppose -2*c = -4 - 0. Let f(l) = -5 + 4 - 2*l + 2*l - 2*l**c + 4*l. What is f(3)?
-7
Suppose 7*f + 21 = 2*f - 2*y, 2*y = 4. Let j(o) = o - 2. What is j(f)?
-7
Let s(m) = -m + 2. Let p(w) = 5*w - 5. Let i(h) = -6*h + 6. Let c(o) = -4*i(o) - 5*p(o). Let q(b) = -9*c(b) + 4*s(b). Calculate q(-1).
-6
Let w be (2 - 3)/((-63)/12 - -5). Let k(s) = -s**2 + 4*s + 4. Calculate k(w).
4
Suppose -15 = -5*z + 5. Suppose -l - 2*t + 3 = 0, t + 5 = -z*l - 18. Let x(f) = -f**3 - 8*f**2 - 7*f + 7. Calculate x(l).
7
Let g = -6 - -11. Suppose -6*p + 5*p + g = 0. Suppose 10 + 0 = 2*c - 2*h, c - 1 = p*h. Let v(w) = w**2 - 7*w - 2. Calculate v(c).
-8
Let d(i) = 3*i**3 + 1 + 4*i - 3*i + 0*i**3. Let b = 628 - 629. Give d(b).
-3
Let w(l) be the third derivative of l**6/120 + l**5/12 - l**4/24 - l**3/2 - 25*l**2 - 2*l. What is w(-5)?
2
Let w(h) be the third derivative of 0*h + 1/120*h**6 + 1/12*h**5 + 1/6*h**3 + 0 - 7/24*h**4 - 16*h**2. Give w(-6).
7
Suppose 48 = -0*q - 12*q. Let o(u) = -3*u + 6 + u**2 + 7*u - u. What is o(q)?
10
Let l(k) = -k**2 + 1. Let w(i) = -i**3 - 14*i**2 - 8*i + 11. Let a(b) = -5*l(b) + w(b). What is a(-8)?
6
Let j(f) = -f**2 + f - 1. Suppose -11*u = -15*u + 44. Suppose -u*k = -8*k. Determine j(k).
-1
Let y(i) = -i + 10. Suppose 0*o - 4*o = -3*o. Give y(o).
10
Let k(x) = -x + 6. Let y(b) be the first derivative of -b**3/3 - 4*b**2 - 8*b - 2. Let g be y(-6). Give k(g).
2
Let m(x) = -7*x**3 - 9*x**2 - x - 2. Let d(w) = 8*w**3 + 10*w**2 + 2*w + 2. Let c(g) = -6*d(g) - 7*m(g). What is c(-4)?
6
Let w(k) = -7*k**2 + 5*k + 26. Let o(j) = -4*j**2 + 4*j + 12. Let c(t) = 9*o(t) - 5*w(t). Determine c(5).
8
Suppose -3*x - 30 = -3*t - 108, -3*t = 3*x - 48. Let h(k) = -3*k + 70. Give h(x).
7
Let o be ((-42)/35)/(1/5). Let m be (-1396)/(-14) + ((-18)/(-14) - 1). Let x(a) = -m*a - 5 - 4 + 204*a - 105*a. Give x(o).
-3
Let c = -34 - -36. Let z(n) = -4*n**2 + 4*n + 2. Let x be z(c). Let w(g) = -g**2 - 3*g + 6. Calculate w(x).
-12
Let y(v) = v + 2. Suppose -12*u + 3*h = -10*u - 20, 3*u - 5*h - 29 = 0. Give y(u).
15
Let b(p) = -5*p**3 + 2*p**2 + 6*p - 3. Let q(i) = 3*i**3 - 4*i**2 - 6*i + 2. Let d(w) = -2*b(w) - 3*q(w). Determine d(-7).
7
Let i be 2 - 16/10 - (-140)/25. Let n(g) = -10*g**2 - 10*g + 3*g + i*g - 5*g**2. Suppose -o + 0 = -1. Calculate n(o).
-16
Let p(c) be the second derivative of -c**3/6 - 39*c**2/2 - 16*c + 14. Give p(-13).
-26
Suppose 4*v = 5*g + 36, 2*g - 6*v = -v - 11. Let j be (90/40)/(3/g). Let s(l) = l. What is s(j)?
-6
Let t(x) = -4*x**2 + 11*x + 12. Suppose 5*w + 0 = 35. Let j(a) = -a**2 + 4*a + 4. Let d(h) = w*j(h) - 2*t(h). Calculate d(-4).
-4
Suppose y + 7*y - 16 = 0. Let a(h) = -14*h + 2 + 0*h**2 - y*h**2 - h**2 + h**3 + 13*h. What is a(3)?
-1
Let c be 45/(-18)*(0 - 6) + -4. Let z(s) = s**2 - 10*s - 16. What is z(c)?
-5
Let s(r) = 1. Let g(k) = -k - 4. Let f(z) = 3*g(z) + 6*s(z). Let j(h) = 1. Let w(c) = -f(c) - 4*j(c). Calculate w(4).
14
Suppose 0*u = u + 6. Let i(h) be the first derivative of -h**3/2 - 7*h**2/2 - 84*h + 46. Let l(t) be the first derivative of i(t). Calculate l(u).
11
Let q(r) = -r**3 + 8*r**2 + 7*r + 10. Suppose 5*y + 4*w - 45 = 0, 5*y - 9*y - 2*w = -36. Calculate q(y).
-8
Let z(g) = g**2 + 21*g + 7. Let d(c) = 2*c**2 + 44*c + 14. Let t(w) = 6*d(w) - 13*z(w). Give t(-3).
11
Let x(b) = b**2 + 10*b + 12. Let g be 4/(-6)*(-15)/10*-8. Give x(g).
-4
Suppose 3*r + 5 = 5*q, 2*r = 2*q - q - 1. Let b = 28 - 11. Let d(l) = q - 11*l + b*l + 0*l**2 + 2*l**2 - 9*l. What is d(2)?
3
Let z(v) be the third derivative of v**5/60 - 11*v**4/24 - 5*v**3/6 - 430*v**2. Give z(12).
7
Let g(w) be the second derivative of -w**3/2 + w**2 - 36*w - 1. What is g(1)?
-1
Let w = -39 + 57. Suppose -3*s + w = -s. Let t(o) = -1 + 0 - s*o + 10*o. Give t(-5).
-6
Let j(c) = c**3 + c**2 - 3*c + 1. Let k(d) = 3*d**3 + 7*d**2 - 5*d + 9. Let x(o) = 2*j(o) - k(o). Determine x(-5).
-2
Let a(b) be the third derivative of b**5/60 - 3*b**4/8 + 3*b**3/2 - b**2 + 65. What is a(7)?
-5
Let l(v) be the second derivative of -v